2 + 25*g - 40. What is i(9)?
104
Let i(x) = 3*x**2 - 499*x - 27786. Calculate i(-44).
-22
Let y(g) = -5*g**2 + 33*g + 21880. Determine y(-63).
-44
Let q(f) = 17405*f**2 + 243675*f + 39. What is q(-14)?
-31
Let b(n) = 7308666*n + 36543316. Give b(-5).
-14
Let t(r) = 48*r - 453. What is t(-10)?
-933
Let x(w) = 2*w**3 - 19*w**2 - 35606*w + 285038. Give x(8).
-2
Let j(a) = -a**2 - 275*a - 4458. Calculate j(-16).
-314
Let g(m) = -32*m**2 + 1483*m + 2953. What is g(-2)?
-141
Let d(y) = -3*y**2 + 246*y - 2548. What is d(11)?
-205
Let j(k) = -910*k - 132062. Give j(-145).
-112
Let w(u) = u**3 - u**2 - 2352*u - 451. Give w(-48).
-451
Let w(q) = 1976*q - 36168. Determine w(18).
-600
Let s(g) = -g**3 - 187*g**2 - 252*g - 47147. What is s(-187)?
-23
Let g(r) = -r**3 + 524*r**2 + 6449*r - 9022. Calculate g(536).
90
Let s(t) = 214*t - 2385. Give s(7).
-887
Let d(f) = 2*f**2 + 7342*f + 22007. Determine d(-3).
-1
Let q(x) = x**3 + 1023*x**2 + 160345*x + 29909. Give q(-193).
-6
Let s(b) = -19*b**2 - 1675*b - 1832. What is s(-87)?
82
Let d(c) = 20*c**2 + 127*c + 207. Determine d(-6).
165
Let y(p) = -660*p + 58103. Calculate y(88).
23
Let d(q) = -15*q**2 - 78*q + 670. What is d(8)?
-914
Let q(j) = -110918*j + 42259761. Give q(381).
3
Let l(a) = -125*a**2 + 1741*a + 12. Determine l(14).
-114
Let z(k) = 443*k**2 + 824*k - 70. What is z(-2)?
54
Let g(k) = 2*k**2 - 150*k + 989. What is g(14)?
-719
Let c(n) = -4*n**2 - 602*n - 18067. Give c(-109).
27
Let b(q) = -2*q**2 + 215319*q + 7969541. Determine b(-37).
0
Let s(d) = -5*d**3 - 117*d**2 + 59*d + 122. Calculate s(-24).
434
Let z(n) = 166*n**2 - 1574*n + 463. Determine z(9).
-257
Let k(j) = j**3 + 23*j**2 - 88*j - 243. Determine k(5).
17
Let a(p) = 28*p**3 - 3*p**2 + 18*p - 13. Give a(2).
235
Let i(t) = 828*t - 66229. Calculate i(80).
11
Let m(v) = -30*v**2 - 182*v + 880. What is m(4)?
-328
Let r(j) = -j**3 + 271*j**2 + 283*j - 3021. Determine r(272).
-29
Let u(r) = 923*r + 10635. Calculate u(-11).
482
Let v(f) = 20*f**3 - 8*f**2 - 1891*f - 1885. Determine v(-1).
-22
Let w(m) = -m**3 - 26*m**2 + 17*m - 1988. Determine w(-29).
42
Let f(g) = -g**3 + 109*g**2 + 2871*g + 60. Calculate f(131).
-1381
Let f(o) = 1685*o - 18518. Determine f(11).
17
Let m(n) = -3566*n - 987799. Give m(-277).
-17
Let k(d) = 2*d**3 + 192*d**2 - 747*d - 221. Determine k(4).
-9
Let h(v) = -v**3 - 138*v**2 + 20*v + 21515. Give h(-137).
6
Let w(t) = 4*t**2 - 20656*t + 82562. Calculate w(4).
2
Let z(q) = q**2 - 4271*q - 189865. Calculate z(-44).
-5
Let z(x) = 8186*x - 57266. Determine z(7).
36
Let s(g) = 2*g**2 + 253*g - 3182. What is s(-138)?
-8
Let o(r) = -82*r**2 - 163*r + 24. Give o(-2).
22
Let g(j) = -61*j**2 - 9944*j - 6. Calculate g(-163).
157
Let w(z) = 6*z**3 + 132*z**2 + 165*z + 453. Calculate w(-21).
-366
Let z(j) = 5*j**2 + 147*j + 890. Determine z(-13).
-176
Let j(m) = 1940*m**2 - 36858*m - 34. Calculate j(19).
4
Let h(c) = 106*c**2 - 3067*c - 218. Give h(29).
-15
Let j(h) = -12*h**2 - 1672*h + 29117. Determine j(-155).
-23
Let q(s) = -22*s**2 - 8433*s - 295436. Determine q(-39).
-11
Let s(n) = -3666*n + 76892. Determine s(21).
-94
Let c(t) = -28*t**2 + 332*t - 89. Determine c(6).
895
Let a(x) = 26304*x + 1131133. What is a(-43)?
61
Let q(k) = 7*k**3 - 14*k**2 - 1228*k - 2437. Give q(-2).
-93
Let q(w) = -1866*w**3 - 41*w**2 - 36*w + 4. What is q(-1)?
1865
Let i(v) = -v**3 - v**2 + 74*v - 64. What is i(11)?
-702
Let a(y) = -2195*y - 250123. Determine a(-114).
107
Let t(n) = -9*n**2 + 442*n + 2891. Calculate t(55).
-24
Let p(z) = -z**2 + 1199*z - 64034. Calculate p(56).
-26
Let m(l) = -5072*l - 283926. Calculate m(-56).
106
Let s(y) = -933*y + 94069. Determine s(101).
-164
Let p(x) = -x**3 + 51*x**2 - 645*x + 184. Calculate p(22).
30
Let o(l) = l**3 - 128*l**2 + 1410*l + 25. Calculate o(12).
241
Let n(t) = 72943*t - 291783. What is n(4)?
-11
Let n(z) = 2*z**2 - 144*z + 3063. Calculate n(48).
759
Let f(b) = -19*b**2 + 8433*b + 33751. Give f(-4).
-285
Let a(l) = -12*l**2 + 330*l - 1254. Determine a(4).
-126
Let f(l) = -l**2 + 651*l - 84698. Calculate f(186).
1792
Let x(g) = g**2 + 43*g - 1034. Calculate x(12).
-374
Let w(l) = l**3 + 5*l**2 - 4439*l + 3. What is w(0)?
3
Let n(q) = -259*q**2 + 2654*q + 9. Determine n(10).
649
Let l(d) = 3695*d + 247577. Give l(-67).
12
Let t(b) = 1273*b + 82756. Determine t(-65).
11
Let n(g) = 42*g**2 - 103*g - 20. Determine n(3).
49
Let r(y) = -y**3 - 154*y**2 - 4086*y - 4. Give r(-34).
200
Let j(l) = 2*l**2 + 87*l + 63. What is j(12)?
1395
Let m(w) = -4720*w - 179353. What is m(-38)?
7
Let h(y) = 103*y + 2856. Calculate h(-26).
178
Let o(m) = -2*m**3 + 1638*m**2 - 1665*m + 23722. What is o(818)?
0
Let l(r) = -2*r**3 - 11*r**2 + r + 22. Calculate l(-5).
-8
Let i(j) = j**3 - 43*j**2 + 7*j - 649. Calculate i(0).
-649
Let s(a) = -242241*a + 5329318. Determine s(22).
16
Let w(s) = s**2 - 109*s + 1409. Calculate w(15).
-1
Let u(x) = 2*x**2 - 2236*x + 509784. Give u(799).
22
Let r(f) = -5*f**2 + 18046*f - 90101. Give r(5).
4
Let h(f) = 52*f**2 + 1435*f - 2120. Determine h(-29).
-3
Let x(t) = -t**2 - 189*t - 7888. Calculate x(-62).
-14
Let n(t) = -20*t**2 - 467*t + 5083. Give n(8).
67
Let s(h) = h**3 - 683*h**2 + 17074*h + 5253. What is s(657)?
-3
Let v(g) = -25*g**2 - 4130*g - 921. What is v(-165)?
-96
Let o(u) = u**3 - 204*u**2 + 9766*u + 902. Calculate o(77).
-99
Let b(o) = o**2 + 576*o + 23810. What is b(-45)?
-85
Let j(o) = -2*o**2 - 741*o - 23521. What is j(-35)?
-36
Let y(g) = 24906*g - 272890. Determine y(11).
1076
Let z(d) = 35634*d - 356417. Determine z(10).
-77
Let q(a) = -a**2 + 3606*a - 25184. Determine q(7).
9
Let f(a) = -165*a - 9245. Calculate f(-69).
2140
Let n(x) = 107159*x + 1286053. Determine n(-12).
145
Let b(a) = 25*a**2 + 168*a - 501. Determine b(-9).
12
Let f(g) = 22*g**2 - 209*g - 59. Give f(12).
601
Let w(h) = 1483*h + 555. What is w(0)?
555
Let j(y) = -13*y**3 - 24*y**2 - 102*y - 69. Determine j(-4).
787
Let r(p) = p**3 - 19*p**2 + 52*p + 241. Determine r(14).
-11
Let i(f) = 20*f**3 + 563*f**2 + 1550*f + 41057. Determine i(-28).
9
Let g(z) = -135*z + 6152. Calculate g(47).
-193
Let k(u) = -8781*u - 2546481. Calculate k(-290).
9
Let j(x) = -8*x**2 + 1027*x - 7696. What is j(8)?
8
Let j(p) = -p**2 - 222*p + 26498. Calculate j(86).
10
Let n(l) = 2*l**2 - 6137*l + 194339. Calculate n(32).
3
Let p(t) = -57*t**3 + 16*t**2 + 22*t + 44. Determine p(-2).
520
Let l(r) = 26*r**2 - 652*r + 2290. Determine l(21).
64
Let i(q) = q**2 + 1381153*q + 29003765. Give i(-21).
-7
Let v(w) = -w**3 - 78*w**2 + 97*w + 799. Calculate v(-79).
-623
Let b(g) = -g**2 - 147*g - 5168. Calculate b(-45).
-578
Let x(z) = z**3 + 29*z**2 - 1434*z - 140. What is x(-55)?
80
Let w(d) = 89794*d + 628565. Determine w(-7).
7
Let i(g) = -7250*g - 167883. Give i(-23).
-1133
Let r(c) = -19295*c - 424404. Calculate r(-22).
86
Let h(a) = 54*a**2 - 968*a - 6708. What is h(-7)?
2714
Let l(j) = -1203*j + 75817. Calculate l(63).
28
Let m(j) = -2443*j - 4753. Give m(-2).
133
Let f(a) = -a**2 - 28*a + 6154. Give f(-91).
421
Let c(d) = -2151*d - 13765. What is c(-9)?
5594
Let a(x) = -x**2 - x + 250. Determine a(-16).
10
Let i(k) = -k**2 + 26*k + 450. What is i(0)?
450
Let m(r) = 26328*r + 51903. What is m(-2)?
-753
Let b(z) = -3*z**2 + 4451*z + 31300. Give b(-7).
-4
Let h(a) = 5*a**3 - 4*a**2 - 28*a - 11. What is h(-3)?
-98
Let n(m) = 32*m**2 - 1577*m - 1153. What is n(50)?
-3
Let q(d) = 6*d**2 + 3788*d + 550021. Determine q(-405).
31
Let c(d) = d**3 - 10*d**2 - 2326*d + 29669. Calculate c(13).
-62
Let g(u) = 26723*u - 881813. What is g(33)?
46
Let d(i) = i**3 - 1505*i**2 - 3355*i - 1762846. Determine d(1508).
6
Let s(i) = 20334*i + 142337. What is s(-7)?
-1
Let r(a) = a**3 + 42*a**2 + 2*a + 48. Determine r(-42).
-36
Let f(p) = 9*p**2 + 161*p - 742. Calculate f(5).
288
Let j(w) = 6*w**3 + 26*w**2 + 98*w + 30. Calculate j(-4).
-330
Let s(d) = 19*d**2 + 158693*d + 317389. Determine s(-2).
79
Let y(f) = -16132*f + 95004. Calculate y(6).
-1788
Let m(i) = -5*i**3 + 105*i**2 + 261*i - 742. Give m(23).
-29
Let p(h) = -79475*h - 79490. Give p(-1).
-15
Let m(f) = -5*f**3 - 201*f**2 + 26*f + 2606. Give m(-40).
-34
Let o(r) = -70*r**2 + 357*r + 1137. Give o(-3).
-564
Let t(c) = -c**3 + 2*c**2 - 329*c - 3264. Determine t(-8).
8
Let f(z) = 9*z**3 + 